{"id":24,"date":"2014-11-08T23:20:07","date_gmt":"2014-11-08T21:20:07","guid":{"rendered":"http:\/\/www.salihcanakcioglu.com\/?page_id=24"},"modified":"2015-01-05T10:48:01","modified_gmt":"2015-01-05T08:48:01","slug":"medya","status":"publish","type":"page","link":"http:\/\/www.salihcanakcioglu.com\/?page_id=24","title":{"rendered":"Medya"},"content":{"rendered":"<p><span style=\"color: #ffff00;\">Prof. Dr. Salih \u00c7anak\u00e7\u0131o\u011flu&#8217;nun UZMANTV&#8217;deki sayfas\u0131na a\u015fa\u011f\u0131daki ba\u011flant\u0131dan ula\u015fabilirsiniz.<\/span><\/p>\n<p><span style=\"color: #ffff00;\"><a style=\"color: #ffff00;\" title=\"Prof. Dr. Salih \u00c7anak\u00e7\u0131o\u011flu UZMANTV\" href=\"http:\/\/www.uzmantv.com\/uzman\/kbb-uzmani-prof.-dr.-salih-canakcioglu\" target=\"_blank\"><img loading=\"lazy\" decoding=\"async\" class=\"alignnone size-full wp-image-27\" src=\"http:\/\/www.salihcanakcioglu.com\/wp-content\/uploads\/uzmantv_logo.gif\" alt=\"uzmantv_logo\" width=\"251\" height=\"90\" \/><\/a><\/span><\/p>\n<p><span style=\"color: #ffff00;\">Program Listesi:<\/span><\/p>\n<ol>\n<li><span style=\"color: #ffff00;\">Alerji tedavisinde hangi y\u00f6ntemler kullan\u0131l\u0131r?<\/span><\/li>\n<li><span style=\"color: #ffff00;\">Alerji ve sin\u00fczit aras\u0131nda ili\u015fki var m\u0131?<\/span><\/li>\n<li><span style=\"color: #ffff00;\">Alerji tedavisinde ne t\u00fcr ila\u00e7lar kullan\u0131l\u0131r?<\/span><\/li>\n<li><span style=\"color: #ffff00;\">Alerjiden tamamen kurtulmak m\u00fcmk\u00fcn m\u00fc?<\/span><\/li>\n<li><span style=\"color: #ffff00;\">Alerji ila\u00e7lar\u0131n\u0131n yan etkileri var m\u0131?<\/span><\/li>\n<li><span style=\"color: #ffff00;\">Alerji tedavisinde ne zaman a\u015f\u0131 kullan\u0131l\u0131r?<\/span><\/li>\n<li><span style=\"color: #ffff00;\">Alerjiden korunmak m\u00fcmk\u00fcn m\u00fc?<\/span><\/li>\n<li><span style=\"color: #ffff00;\">Alerji ilac\u0131 kullanmaya ne zaman ba\u015flamak gerekir?<\/span><\/li>\n<li><span style=\"color: #ffff00;\">\u00c7ocuklar alerji ilac\u0131 kullanabilir mi?<\/span><\/li>\n<li><span style=\"color: #ffff00;\">Alerjide ila\u00e7 tedavisinin a\u015famalar\u0131 nelerdir?<\/span><\/li>\n<li><span style=\"color: #ffff00;\">Alerji ila\u00e7lar\u0131 ba\u015fka bir alerjiyi tetikleyebilir mi?<\/span><\/li>\n<li><span style=\"color: #ffff00;\">Alerji ilac\u0131 kullanmadan \u00f6nce doktora dan\u0131\u015fmak \u015fart m\u0131?<\/span><\/li>\n<\/ol>\n<p>&nbsp;<\/p>\n<p><span style=\"color: #00ffff;\"><em>Formsante Dergisi Mart 2011 Say\u0131s\u0131<\/em><\/span><\/p>\n<h3><span style=\"color: #00ffff;\"><a style=\"color: #00ffff;\" title=\"Bahar\u0131n k\u00f6t\u00fc s\u00fcrprizi; alerjik rinit\" href=\"http:\/\/www.formsante.com.tr\/saglik\/1752-baharin-kotu-surprizi-alerjik-rinit.html\" target=\"_blank\">Bahar\u0131n k\u00f6t\u00fc s\u00fcrprizi; alerjik rinit<\/a><\/span><\/h3>\n<p><span style=\"color: #00ffff;\">Bahar\u0131 sevin\u00e7le kar\u015f\u0131layanlardan m\u0131s\u0131n\u0131z yoksa sahip oldu\u011funuz mevsimsel alerjik rinit nedeniyle \u201cKe\u015fke hi\u00e7 bahar gelmese\u201d diyenlerden mi? Bahar\u0131 yeniden sevmeniz i\u00e7in ipu\u00e7lar\u0131 bu yaz\u0131da\u2026 <a style=\"color: #00ffff;\" href=\"http:\/\/www.formsante.com.tr\/saglik\/1752-baharin-kotu-surprizi-alerjik-rinit.html\" target=\"_blank\">devam\u0131<\/a><\/span><\/p>\n<p>&nbsp;<\/p>\n","protected":false},"excerpt":{"rendered":"<p>Prof. Dr. Salih \u00c7anak\u00e7\u0131o\u011flu&#8217;nun UZMANTV&#8217;deki sayfas\u0131na a\u015fa\u011f\u0131daki ba\u011flant\u0131dan ula\u015fabilirsiniz. Program Listesi: Alerji tedavisinde hangi y\u00f6ntemler kullan\u0131l\u0131r? Alerji ve sin\u00fczit aras\u0131nda ili\u015fki var m\u0131? Alerji tedavisinde ne t\u00fcr ila\u00e7lar kullan\u0131l\u0131r? Alerjiden tamamen kurtulmak m\u00fcmk\u00fcn m\u00fc? Alerji ila\u00e7lar\u0131n\u0131n yan etkileri var m\u0131? Alerji tedavisinde ne zaman a\u015f\u0131 kullan\u0131l\u0131r? Alerjiden korunmak m\u00fcmk\u00fcn m\u00fc? Alerji ilac\u0131 kullanmaya ne zaman [&hellip;]<\/p>\n","protected":false},"author":1,"featured_media":0,"parent":0,"menu_order":0,"comment_status":"closed","ping_status":"closed","template":"page-full-width.php","meta":{"footnotes":""},"class_list":["post-24","page","type-page","status-publish","hentry"],"_links":{"self":[{"href":"http:\/\/www.salihcanakcioglu.com\/index.php?rest_route=\/wp\/v2\/pages\/24","targetHints":{"allow":["GET"]}}],"collection":[{"href":"http:\/\/www.salihcanakcioglu.com\/index.php?rest_route=\/wp\/v2\/pages"}],"about":[{"href":"http:\/\/www.salihcanakcioglu.com\/index.php?rest_route=\/wp\/v2\/types\/page"}],"author":[{"embeddable":true,"href":"http:\/\/www.salihcanakcioglu.com\/index.php?rest_route=\/wp\/v2\/users\/1"}],"replies":[{"embeddable":true,"href":"http:\/\/www.salihcanakcioglu.com\/index.php?rest_route=%2Fwp%2Fv2%2Fcomments&post=24"}],"version-history":[{"count":5,"href":"http:\/\/www.salihcanakcioglu.com\/index.php?rest_route=\/wp\/v2\/pages\/24\/revisions"}],"predecessor-version":[{"id":49,"href":"http:\/\/www.salihcanakcioglu.com\/index.php?rest_route=\/wp\/v2\/pages\/24\/revisions\/49"}],"wp:attachment":[{"href":"http:\/\/www.salihcanakcioglu.com\/index.php?rest_route=%2Fwp%2Fv2%2Fmedia&parent=24"}],"curies":[{"name":"wp","href":"https:\/\/api.w.org\/{rel}","templated":true}]}}